{"id":429,"date":"2018-04-18T08:49:22","date_gmt":"2018-04-18T06:49:22","guid":{"rendered":"http:\/\/lecloschamplieu.fr\/?page_id=429"},"modified":"2020-01-17T19:08:42","modified_gmt":"2020-01-17T18:08:42","slug":"livre-dor","status":"publish","type":"page","link":"https:\/\/lecloschamplieu.fr\/?page_id=429","title":{"rendered":"Livre d&rsquo;Or"},"content":{"rendered":"<p>Vous avez s\u00e9journ\u00e9 chez nous? N&rsquo;h\u00e9sitez pas \u00e0 nous faire part de votre impression en nous laissant un petit message! Merci!<\/p>\n<p>[gwolle_gb]<\/p>\n\n\n<h3 class=\"has-text-align-center wp-block-heading\">Quelques messages de nos clients&#8230; Un grand merci pour vos jolis mots !<\/h3>\n\n\n\n[ngg src=\u00a0\u00bbgalleries\u00a0\u00bb ids=\u00a0\u00bb2&Prime; display=\u00a0\u00bbbasic_slideshow\u00a0\u00bb]\n","protected":false},"excerpt":{"rendered":"<p>Vous avez s\u00e9journ\u00e9 chez nous? N&rsquo;h\u00e9sitez pas \u00e0 nous faire part de votre impression en nous laissant un petit message! Merci! [gwolle_gb] Quelques messages de &hellip; <\/p>\n","protected":false},"author":1,"featured_media":0,"parent":0,"menu_order":0,"comment_status":"closed","ping_status":"closed","template":"","meta":{"jetpack_post_was_ever_published":false},"jetpack_sharing_enabled":true,"jetpack_shortlink":"https:\/\/wp.me\/P9JC1s-6V","_links":{"self":[{"href":"https:\/\/lecloschamplieu.fr\/index.php?rest_route=\/wp\/v2\/pages\/429"}],"collection":[{"href":"https:\/\/lecloschamplieu.fr\/index.php?rest_route=\/wp\/v2\/pages"}],"about":[{"href":"https:\/\/lecloschamplieu.fr\/index.php?rest_route=\/wp\/v2\/types\/page"}],"author":[{"embeddable":true,"href":"https:\/\/lecloschamplieu.fr\/index.php?rest_route=\/wp\/v2\/users\/1"}],"replies":[{"embeddable":true,"href":"https:\/\/lecloschamplieu.fr\/index.php?rest_route=%2Fwp%2Fv2%2Fcomments&post=429"}],"version-history":[{"count":6,"href":"https:\/\/lecloschamplieu.fr\/index.php?rest_route=\/wp\/v2\/pages\/429\/revisions"}],"predecessor-version":[{"id":738,"href":"https:\/\/lecloschamplieu.fr\/index.php?rest_route=\/wp\/v2\/pages\/429\/revisions\/738"}],"wp:attachment":[{"href":"https:\/\/lecloschamplieu.fr\/index.php?rest_route=%2Fwp%2Fv2%2Fmedia&parent=429"}],"curies":[{"name":"wp","href":"https:\/\/api.w.org\/{rel}","templated":true}]}}