{"id":264,"date":"2018-03-24T10:42:11","date_gmt":"2018-03-24T09:42:11","guid":{"rendered":"http:\/\/lecloschamplieu.fr\/?page_id=264"},"modified":"2018-03-25T18:37:29","modified_gmt":"2018-03-25T16:37:29","slug":"patrimoine-historique-et-culturel","status":"publish","type":"page","link":"https:\/\/lecloschamplieu.fr\/?page_id=264","title":{"rendered":"Les ruines de Champlieu"},"content":{"rendered":"<p>Les environs du gite foisonnent d&rsquo;endroits qui racontent une histoire, plus ou moins ancienne&#8230;<\/p>\n<p>Ainsi, \u00e0 quelques m\u00e8tres du gite, vous pourrez vous promener \u00e0 travers les ruines de la chapelle romane de Champlieu: il s&rsquo;agit en r\u00e9alit\u00e9 des ruines de l&rsquo;\u00e9glise Notre Dame de la Nativit\u00e9. Class\u00e9e monument historique en 1923, cette \u00e9glise accueillait beaucoup de fid\u00e8les au Moyen-Age. Elle fut ravag\u00e9e par le feu \u00e0 plusieurs reprises et un coup de foudre la d\u00e9truisit en 1814.<\/p>\n<p>Vous voulez en savoir plus? C&rsquo;est par ici: <a href=\"https:\/\/fr.wikipedia.org\/wiki\/%C3%89glise_Notre-Dame-de-la-Nativit%C3%A9_de_Champlieu\">https:\/\/fr.wikipedia.org\/wiki\/%C3%89glise_Notre-Dame-de-la-Nativit%C3%A9_de_Champlieu<\/a><\/p>\n<div id='gallery-1' class='gallery galleryid-264 gallery-columns-3 gallery-size-large'><figure class='gallery-item'>\r\n    \t\t<div class='gallery-icon landscape'>\r\n    \t\t\t<a href='https:\/\/lecloschamplieu.fr\/?attachment_id=233'><img width=\"840\" height=\"473\" src=\"https:\/\/lecloschamplieu.fr\/wp-content\/uploads\/2018\/03\/received_10155412551657411-1024x576.jpeg\" class=\"attachment-large size-large\" alt=\"\" decoding=\"async\" loading=\"lazy\" srcset=\"https:\/\/lecloschamplieu.fr\/wp-content\/uploads\/2018\/03\/received_10155412551657411-1024x576.jpeg 1024w, https:\/\/lecloschamplieu.fr\/wp-content\/uploads\/2018\/03\/received_10155412551657411-300x169.jpeg 300w, https:\/\/lecloschamplieu.fr\/wp-content\/uploads\/2018\/03\/received_10155412551657411-768x432.jpeg 768w, https:\/\/lecloschamplieu.fr\/wp-content\/uploads\/2018\/03\/received_10155412551657411.jpeg 2048w\" sizes=\"(max-width: 840px) 100vw, 840px\" \/><\/a>\r\n    \t\t<\/div><\/figure><figure class='gallery-item'>\r\n    \t\t<div class='gallery-icon portrait'>\r\n    \t\t\t<a href='https:\/\/lecloschamplieu.fr\/?attachment_id=122'><img width=\"840\" height=\"928\" src=\"https:\/\/lecloschamplieu.fr\/wp-content\/uploads\/2018\/02\/cropped-Orrouy-Ruines-de-la-chapelle-romane-de-Champlieu-dpt-Oise-DSC_0080-2-927x1024.jpg\" class=\"attachment-large size-large\" alt=\"\" decoding=\"async\" loading=\"lazy\" srcset=\"https:\/\/lecloschamplieu.fr\/wp-content\/uploads\/2018\/02\/cropped-Orrouy-Ruines-de-la-chapelle-romane-de-Champlieu-dpt-Oise-DSC_0080-2-927x1024.jpg 927w, https:\/\/lecloschamplieu.fr\/wp-content\/uploads\/2018\/02\/cropped-Orrouy-Ruines-de-la-chapelle-romane-de-Champlieu-dpt-Oise-DSC_0080-2-272x300.jpg 272w, https:\/\/lecloschamplieu.fr\/wp-content\/uploads\/2018\/02\/cropped-Orrouy-Ruines-de-la-chapelle-romane-de-Champlieu-dpt-Oise-DSC_0080-2-768x848.jpg 768w, https:\/\/lecloschamplieu.fr\/wp-content\/uploads\/2018\/02\/cropped-Orrouy-Ruines-de-la-chapelle-romane-de-Champlieu-dpt-Oise-DSC_0080-2.jpg 1500w\" sizes=\"(max-width: 840px) 100vw, 840px\" \/><\/a>\r\n    \t\t<\/div><\/figure><figure class='gallery-item'>\r\n    \t\t<div class='gallery-icon landscape'>\r\n    \t\t\t<a href='https:\/\/lecloschamplieu.fr\/?attachment_id=167'><img width=\"840\" height=\"559\" src=\"https:\/\/lecloschamplieu.fr\/wp-content\/uploads\/2018\/03\/08102017-DSC06646-1024x682.jpg\" class=\"attachment-large size-large\" alt=\"\" decoding=\"async\" loading=\"lazy\" srcset=\"https:\/\/lecloschamplieu.fr\/wp-content\/uploads\/2018\/03\/08102017-DSC06646-1024x682.jpg 1024w, https:\/\/lecloschamplieu.fr\/wp-content\/uploads\/2018\/03\/08102017-DSC06646-300x200.jpg 300w, https:\/\/lecloschamplieu.fr\/wp-content\/uploads\/2018\/03\/08102017-DSC06646-768x511.jpg 768w, https:\/\/lecloschamplieu.fr\/wp-content\/uploads\/2018\/03\/08102017-DSC06646.jpg 1622w\" sizes=\"(max-width: 840px) 100vw, 840px\" \/><\/a>\r\n    \t\t<\/div><\/figure><figure class='gallery-item'>\r\n    \t\t<div class='gallery-icon portrait'>\r\n    \t\t\t<a href='https:\/\/lecloschamplieu.fr\/?attachment_id=362'><img width=\"682\" height=\"1024\" src=\"https:\/\/lecloschamplieu.fr\/wp-content\/uploads\/2018\/03\/08102017-DSC06648-682x1024.jpg\" class=\"attachment-large size-large\" alt=\"\" decoding=\"async\" loading=\"lazy\" srcset=\"https:\/\/lecloschamplieu.fr\/wp-content\/uploads\/2018\/03\/08102017-DSC06648-682x1024.jpg 682w, https:\/\/lecloschamplieu.fr\/wp-content\/uploads\/2018\/03\/08102017-DSC06648-200x300.jpg 200w, https:\/\/lecloschamplieu.fr\/wp-content\/uploads\/2018\/03\/08102017-DSC06648.jpg 719w\" sizes=\"(max-width: 682px) 100vw, 682px\" \/><\/a>\r\n    \t\t<\/div><\/figure><figure class='gallery-item'>\r\n    \t\t<div class='gallery-icon portrait'>\r\n    \t\t\t<a href='https:\/\/lecloschamplieu.fr\/?attachment_id=363'><img width=\"682\" height=\"1024\" src=\"https:\/\/lecloschamplieu.fr\/wp-content\/uploads\/2018\/03\/08102017-DSC06642-682x1024.jpg\" class=\"attachment-large size-large\" alt=\"\" decoding=\"async\" loading=\"lazy\" srcset=\"https:\/\/lecloschamplieu.fr\/wp-content\/uploads\/2018\/03\/08102017-DSC06642-682x1024.jpg 682w, https:\/\/lecloschamplieu.fr\/wp-content\/uploads\/2018\/03\/08102017-DSC06642-200x300.jpg 200w, https:\/\/lecloschamplieu.fr\/wp-content\/uploads\/2018\/03\/08102017-DSC06642.jpg 719w\" sizes=\"(max-width: 682px) 100vw, 682px\" \/><\/a>\r\n    \t\t<\/div><\/figure><figure class='gallery-item'>\r\n    \t\t<div class='gallery-icon portrait'>\r\n    \t\t\t<a href='https:\/\/lecloschamplieu.fr\/?attachment_id=364'><img width=\"682\" height=\"1024\" src=\"https:\/\/lecloschamplieu.fr\/wp-content\/uploads\/2018\/03\/08102017-DSC06662-682x1024.jpg\" class=\"attachment-large size-large\" alt=\"\" decoding=\"async\" loading=\"lazy\" srcset=\"https:\/\/lecloschamplieu.fr\/wp-content\/uploads\/2018\/03\/08102017-DSC06662-682x1024.jpg 682w, https:\/\/lecloschamplieu.fr\/wp-content\/uploads\/2018\/03\/08102017-DSC06662-200x300.jpg 200w, https:\/\/lecloschamplieu.fr\/wp-content\/uploads\/2018\/03\/08102017-DSC06662.jpg 719w\" sizes=\"(max-width: 682px) 100vw, 682px\" \/><\/a>\r\n    \t\t<\/div><\/figure><figure class='gallery-item'>\r\n    \t\t<div class='gallery-icon landscape'>\r\n    \t\t\t<a href='https:\/\/lecloschamplieu.fr\/?attachment_id=365'><img width=\"840\" height=\"559\" src=\"https:\/\/lecloschamplieu.fr\/wp-content\/uploads\/2018\/03\/08102017-DSC06670-1024x682.jpg\" class=\"attachment-large size-large\" alt=\"\" decoding=\"async\" loading=\"lazy\" srcset=\"https:\/\/lecloschamplieu.fr\/wp-content\/uploads\/2018\/03\/08102017-DSC06670-1024x682.jpg 1024w, https:\/\/lecloschamplieu.fr\/wp-content\/uploads\/2018\/03\/08102017-DSC06670-300x200.jpg 300w, https:\/\/lecloschamplieu.fr\/wp-content\/uploads\/2018\/03\/08102017-DSC06670-768x511.jpg 768w, https:\/\/lecloschamplieu.fr\/wp-content\/uploads\/2018\/03\/08102017-DSC06670.jpg 1622w\" sizes=\"(max-width: 840px) 100vw, 840px\" \/><\/a>\r\n    \t\t<\/div><\/figure>\r\n    \t<\/div>\n\n<p>Champlieu \u00e9tait en effet un village bien plus important en terme d&rsquo;habitants et d&rsquo;infrastructures qu&rsquo;il ne l&rsquo;est aujourd&rsquo;hui. En t\u00e9moignent les ruines gallo-romaines qui se situent quelques dizaines de m\u00e8tres plus haut que l&rsquo;\u00e9glise, en bordure de la petite route qui \u00e9tait autrefois la c\u00e9l\u00e8bre chauss\u00e9e Brunehaut. Vous pourrez observer le th\u00e9\u00e2tre et vous promener sur le chemin de ronde, visiter les thermes, et apercevoir les fondations du temple de l&rsquo;autre c\u00f4t\u00e9 de la route. La plupart des objets pr\u00e9sents sur le site ont \u00e9t\u00e9 pill\u00e9s et ceux qui ont \u00e9t\u00e9 sauv\u00e9s sont conserv\u00e9s au mus\u00e9e Vivenel de Compi\u00e8gne.<\/p>\n<p>Pour en connaitre davantage: <a href=\"https:\/\/fr.wikipedia.org\/wiki\/Champlieu\">https:\/\/fr.wikipedia.org\/wiki\/Champlieu<\/a><\/p>\n<div id='gallery-2' class='gallery galleryid-264 gallery-columns-3 gallery-size-large'><figure class='gallery-item'>\r\n    \t\t<div class='gallery-icon landscape'>\r\n    \t\t\t<a href='https:\/\/lecloschamplieu.fr\/?attachment_id=368'><img width=\"840\" height=\"559\" src=\"https:\/\/lecloschamplieu.fr\/wp-content\/uploads\/2018\/03\/08102017-DSC06620-1024x682.jpg\" class=\"attachment-large size-large\" alt=\"\" decoding=\"async\" loading=\"lazy\" srcset=\"https:\/\/lecloschamplieu.fr\/wp-content\/uploads\/2018\/03\/08102017-DSC06620-1024x682.jpg 1024w, https:\/\/lecloschamplieu.fr\/wp-content\/uploads\/2018\/03\/08102017-DSC06620-300x200.jpg 300w, https:\/\/lecloschamplieu.fr\/wp-content\/uploads\/2018\/03\/08102017-DSC06620-768x511.jpg 768w, https:\/\/lecloschamplieu.fr\/wp-content\/uploads\/2018\/03\/08102017-DSC06620.jpg 1622w\" sizes=\"(max-width: 840px) 100vw, 840px\" \/><\/a>\r\n    \t\t<\/div><\/figure><figure class='gallery-item'>\r\n    \t\t<div class='gallery-icon landscape'>\r\n    \t\t\t<a href='https:\/\/lecloschamplieu.fr\/?attachment_id=367'><img width=\"840\" height=\"559\" src=\"https:\/\/lecloschamplieu.fr\/wp-content\/uploads\/2018\/03\/08102017-DSC06616-1024x682.jpg\" class=\"attachment-large size-large\" alt=\"\" decoding=\"async\" loading=\"lazy\" srcset=\"https:\/\/lecloschamplieu.fr\/wp-content\/uploads\/2018\/03\/08102017-DSC06616-1024x682.jpg 1024w, https:\/\/lecloschamplieu.fr\/wp-content\/uploads\/2018\/03\/08102017-DSC06616-300x200.jpg 300w, https:\/\/lecloschamplieu.fr\/wp-content\/uploads\/2018\/03\/08102017-DSC06616-768x511.jpg 768w, https:\/\/lecloschamplieu.fr\/wp-content\/uploads\/2018\/03\/08102017-DSC06616.jpg 1622w\" sizes=\"(max-width: 840px) 100vw, 840px\" \/><\/a>\r\n    \t\t<\/div><\/figure><figure class='gallery-item'>\r\n    \t\t<div class='gallery-icon landscape'>\r\n    \t\t\t<a href='https:\/\/lecloschamplieu.fr\/?attachment_id=371'><img width=\"840\" height=\"630\" src=\"https:\/\/lecloschamplieu.fr\/wp-content\/uploads\/2018\/03\/le-th\u00e9atre31.jpg\" class=\"attachment-large size-large\" alt=\"\" decoding=\"async\" loading=\"lazy\" srcset=\"https:\/\/lecloschamplieu.fr\/wp-content\/uploads\/2018\/03\/le-th\u00e9atre31.jpg 852w, https:\/\/lecloschamplieu.fr\/wp-content\/uploads\/2018\/03\/le-th\u00e9atre31-300x225.jpg 300w, https:\/\/lecloschamplieu.fr\/wp-content\/uploads\/2018\/03\/le-th\u00e9atre31-768x576.jpg 768w\" sizes=\"(max-width: 840px) 100vw, 840px\" \/><\/a>\r\n    \t\t<\/div><\/figure><figure class='gallery-item'>\r\n    \t\t<div class='gallery-icon landscape'>\r\n    \t\t\t<a href='https:\/\/lecloschamplieu.fr\/?attachment_id=372'><img width=\"840\" height=\"630\" src=\"https:\/\/lecloschamplieu.fr\/wp-content\/uploads\/2018\/03\/le-th\u00e9atre41.jpg\" class=\"attachment-large size-large\" alt=\"\" decoding=\"async\" loading=\"lazy\" srcset=\"https:\/\/lecloschamplieu.fr\/wp-content\/uploads\/2018\/03\/le-th\u00e9atre41.jpg 852w, https:\/\/lecloschamplieu.fr\/wp-content\/uploads\/2018\/03\/le-th\u00e9atre41-300x225.jpg 300w, https:\/\/lecloschamplieu.fr\/wp-content\/uploads\/2018\/03\/le-th\u00e9atre41-768x576.jpg 768w\" sizes=\"(max-width: 840px) 100vw, 840px\" \/><\/a>\r\n    \t\t<\/div><\/figure><figure class='gallery-item'>\r\n    \t\t<div class='gallery-icon landscape'>\r\n    \t\t\t<a href='https:\/\/lecloschamplieu.fr\/?attachment_id=366'><img width=\"840\" height=\"559\" src=\"https:\/\/lecloschamplieu.fr\/wp-content\/uploads\/2018\/03\/08102017-DSC06593-1024x682.jpg\" class=\"attachment-large size-large\" alt=\"\" decoding=\"async\" loading=\"lazy\" srcset=\"https:\/\/lecloschamplieu.fr\/wp-content\/uploads\/2018\/03\/08102017-DSC06593-1024x682.jpg 1024w, https:\/\/lecloschamplieu.fr\/wp-content\/uploads\/2018\/03\/08102017-DSC06593-300x200.jpg 300w, https:\/\/lecloschamplieu.fr\/wp-content\/uploads\/2018\/03\/08102017-DSC06593-768x511.jpg 768w, https:\/\/lecloschamplieu.fr\/wp-content\/uploads\/2018\/03\/08102017-DSC06593.jpg 1622w\" sizes=\"(max-width: 840px) 100vw, 840px\" \/><\/a>\r\n    \t\t<\/div><\/figure><figure class='gallery-item'>\r\n    \t\t<div class='gallery-icon landscape'>\r\n    \t\t\t<a href='https:\/\/lecloschamplieu.fr\/?attachment_id=369'><img width=\"300\" height=\"224\" src=\"https:\/\/lecloschamplieu.fr\/wp-content\/uploads\/2018\/03\/les-thermes21-300x224.jpg\" class=\"attachment-large size-large\" alt=\"\" decoding=\"async\" loading=\"lazy\" \/><\/a>\r\n    \t\t<\/div><\/figure><figure class='gallery-item'>\r\n    \t\t<div class='gallery-icon landscape'>\r\n    \t\t\t<a href='https:\/\/lecloschamplieu.fr\/?attachment_id=374'><img width=\"300\" height=\"224\" src=\"https:\/\/lecloschamplieu.fr\/wp-content\/uploads\/2018\/03\/les-thermes1-300x224.jpg\" class=\"attachment-large size-large\" alt=\"\" decoding=\"async\" loading=\"lazy\" \/><\/a>\r\n    \t\t<\/div><\/figure><figure class='gallery-item'>\r\n    \t\t<div class='gallery-icon landscape'>\r\n    \t\t\t<a href='https:\/\/lecloschamplieu.fr\/?attachment_id=370'><img width=\"300\" height=\"224\" src=\"https:\/\/lecloschamplieu.fr\/wp-content\/uploads\/2018\/03\/le-temple5-300x224.jpg\" class=\"attachment-large size-large\" alt=\"\" decoding=\"async\" loading=\"lazy\" \/><\/a>\r\n    \t\t<\/div><\/figure><figure class='gallery-item'>\r\n    \t\t<div class='gallery-icon landscape'>\r\n    \t\t\t<a href='https:\/\/lecloschamplieu.fr\/?attachment_id=373'><img width=\"300\" height=\"224\" src=\"https:\/\/lecloschamplieu.fr\/wp-content\/uploads\/2018\/03\/le-temple21-300x224.jpg\" class=\"attachment-large size-large\" alt=\"\" decoding=\"async\" loading=\"lazy\" \/><\/a>\r\n    \t\t<\/div><\/figure>\r\n    \t<\/div>\n\n<p>&nbsp;<\/p>\n<p>&nbsp;<\/p>\n<p>Copyright photos: <a href=\"https:\/\/www.facebook.com\/jordyphotographie\/?ref=br_rs\">https:\/\/www.facebook.com\/jordyphotographie\/?ref=br_rs<\/a><\/p>\n","protected":false},"excerpt":{"rendered":"<p>Les environs du gite foisonnent d&rsquo;endroits qui racontent une histoire, plus ou moins ancienne&#8230; Ainsi, \u00e0 quelques m\u00e8tres du gite, vous pourrez vous promener \u00e0 &hellip; <\/p>\n","protected":false},"author":1,"featured_media":0,"parent":0,"menu_order":0,"comment_status":"closed","ping_status":"closed","template":"","meta":{"jetpack_post_was_ever_published":false},"jetpack_sharing_enabled":true,"jetpack_shortlink":"https:\/\/wp.me\/P9JC1s-4g","_links":{"self":[{"href":"https:\/\/lecloschamplieu.fr\/index.php?rest_route=\/wp\/v2\/pages\/264"}],"collection":[{"href":"https:\/\/lecloschamplieu.fr\/index.php?rest_route=\/wp\/v2\/pages"}],"about":[{"href":"https:\/\/lecloschamplieu.fr\/index.php?rest_route=\/wp\/v2\/types\/page"}],"author":[{"embeddable":true,"href":"https:\/\/lecloschamplieu.fr\/index.php?rest_route=\/wp\/v2\/users\/1"}],"replies":[{"embeddable":true,"href":"https:\/\/lecloschamplieu.fr\/index.php?rest_route=%2Fwp%2Fv2%2Fcomments&post=264"}],"version-history":[{"count":7,"href":"https:\/\/lecloschamplieu.fr\/index.php?rest_route=\/wp\/v2\/pages\/264\/revisions"}],"predecessor-version":[{"id":389,"href":"https:\/\/lecloschamplieu.fr\/index.php?rest_route=\/wp\/v2\/pages\/264\/revisions\/389"}],"wp:attachment":[{"href":"https:\/\/lecloschamplieu.fr\/index.php?rest_route=%2Fwp%2Fv2%2Fmedia&parent=264"}],"curies":[{"name":"wp","href":"https:\/\/api.w.org\/{rel}","templated":true}]}}