{"id":255,"date":"2018-03-24T10:38:07","date_gmt":"2018-03-24T09:38:07","guid":{"rendered":"http:\/\/lecloschamplieu.fr\/?page_id=255"},"modified":"2022-08-22T06:16:59","modified_gmt":"2022-08-22T04:16:59","slug":"tarifs-et-reservations","status":"publish","type":"page","link":"https:\/\/lecloschamplieu.fr\/?page_id=255","title":{"rendered":"Tarifs et r\u00e9servations"},"content":{"rendered":"<h4>&nbsp;<img decoding=\"async\" loading=\"lazy\" class=\"aligncenter wp-image-242 size-large\" src=\"https:\/\/lecloschamplieu.fr\/wp-content\/uploads\/2018\/03\/20-1024x683.jpg\" alt=\"\" width=\"810\" height=\"540\" srcset=\"https:\/\/lecloschamplieu.fr\/wp-content\/uploads\/2018\/03\/20-1024x683.jpg 1024w, https:\/\/lecloschamplieu.fr\/wp-content\/uploads\/2018\/03\/20-300x200.jpg 300w, https:\/\/lecloschamplieu.fr\/wp-content\/uploads\/2018\/03\/20-768x512.jpg 768w\" sizes=\"(max-width: 810px) 100vw, 810px\" \/><\/h4>\r\n<h4>Les tarifs de location du g\u00eete :<\/h4>\r\n<ul>\r\n<li>A partir de 100 euros la nuit pour un minimum de deux nuits.<\/li>\r\n<li>Prix d\u00e9gressifs \u00e0 partir de 4 nuits<\/li>\r\n<\/ul>\r\n<p>Les tarifs comprennent:<\/p>\r\n<p>Le linge de lit: les lits sont faits \u00e0 l&rsquo;arriv\u00e9e (housses de couette, draps-housses et taies d&rsquo;oreiller)<\/p>\r\n<p>Le linge de toilette pour chaque personne<\/p>\r\n<p>2 places de parking dans une cour cl\u00f4tur\u00e9e<\/p>\r\n<p>Les consommations d&rsquo;eau, de chauffage et d&rsquo;\u00e9lectricit\u00e9 durant toute la p\u00e9riode de location<\/p>\r\n<p>L&rsquo;utilisation de tous les \u00e9quipements mis \u00e0 disposition ainsi que la vaisselle, les accessoires de m\u00e9nage&#8230;<\/p>\r\n<h4>Informations importantes:<\/h4>\r\n<p>Une caution de 200 euros vous sera demand\u00e9e \u00e0 la r\u00e9servation, via notre partenaire Swikly. Cette caution ne sera pas encaiss\u00e9e, m\u00eame en cas d&rsquo;annulation, et ne sera pr\u00e9lev\u00e9e qu&rsquo;en cas de probl\u00e8me majeur (d\u00e9t\u00e9rioration, m\u00e9nage non r\u00e9alis\u00e9&#8230;)<\/p>\r\n<p>Le forfait m\u00e9nage n&rsquo;est PAS COMPRIS dans le tarif: il vous est propos\u00e9 \u00e0 80 euros. Si vous ne souhaitez pas prendre ce forfait, le m\u00e9nage de fin de s\u00e9jour est \u00e0 votre charge et nous nous r\u00e9servons le droit de conserver une partie de la caution si l&rsquo;\u00e9tat du g\u00eete ne correspond pas \u00e0 celui que vous avez trouv\u00e9 en arrivant.<\/p>\r\n<p>Les animaux ne sont pas accept\u00e9s. Le gite est enti\u00e8rement non-fumeur.<\/p>\r\n<p>Le paiement de la location s&rsquo;effectuera en esp\u00e8ces ou par carte bancaire, le jour de votre arriv\u00e9e. Vous avez \u00e9galement la possibilit\u00e9 de r\u00e9gler par internet (Swikly), imp\u00e9rativement avant votre arriv\u00e9e. <strong>Nous n&rsquo;acceptons pas les ch\u00e8ques.<\/strong><\/p>\r\n<p>Vous pouvez consulter les disponibilit\u00e9s du gite ci-dessous<\/p>\r\n<p style=\"text-align: left;\">[sbc title=\u00a0\u00bbyes\u00a0\u00bb]<\/p>\r\n<p>Pour r\u00e9server, merci de nous contacter en remplissant le formulaire ci-dessous ou au 06 86 16 84 05 (sms et messagerie) Merci de nous pr\u00e9ciser les dates de s\u00e9jour que vous souhaitez et n&rsquo;h\u00e9sitez pas \u00e0 nous demander des informations compl\u00e9mentaires par mail contact@lecloschamplieu.fr ou par t\u00e9l\u00e9phone.<\/p>\r\n\r\n<h2 class=\"has-text-align-center wp-block-heading\">Contactez-nous !<\/h2>\r\n\r\n\r\n","protected":false},"excerpt":{"rendered":"<p>&nbsp; Les tarifs de location du g\u00eete : A partir de 100 euros la nuit pour un minimum de deux nuits. Prix d\u00e9gressifs \u00e0 partir &hellip; <\/p>\n","protected":false},"author":1,"featured_media":236,"parent":0,"menu_order":0,"comment_status":"closed","ping_status":"closed","template":"","meta":{"jetpack_post_was_ever_published":false},"jetpack_sharing_enabled":true,"jetpack_shortlink":"https:\/\/wp.me\/P9JC1s-47","_links":{"self":[{"href":"https:\/\/lecloschamplieu.fr\/index.php?rest_route=\/wp\/v2\/pages\/255"}],"collection":[{"href":"https:\/\/lecloschamplieu.fr\/index.php?rest_route=\/wp\/v2\/pages"}],"about":[{"href":"https:\/\/lecloschamplieu.fr\/index.php?rest_route=\/wp\/v2\/types\/page"}],"author":[{"embeddable":true,"href":"https:\/\/lecloschamplieu.fr\/index.php?rest_route=\/wp\/v2\/users\/1"}],"replies":[{"embeddable":true,"href":"https:\/\/lecloschamplieu.fr\/index.php?rest_route=%2Fwp%2Fv2%2Fcomments&post=255"}],"version-history":[{"count":34,"href":"https:\/\/lecloschamplieu.fr\/index.php?rest_route=\/wp\/v2\/pages\/255\/revisions"}],"predecessor-version":[{"id":896,"href":"https:\/\/lecloschamplieu.fr\/index.php?rest_route=\/wp\/v2\/pages\/255\/revisions\/896"}],"wp:featuredmedia":[{"embeddable":true,"href":"https:\/\/lecloschamplieu.fr\/index.php?rest_route=\/wp\/v2\/media\/236"}],"wp:attachment":[{"href":"https:\/\/lecloschamplieu.fr\/index.php?rest_route=%2Fwp%2Fv2%2Fmedia&parent=255"}],"curies":[{"name":"wp","href":"https:\/\/api.w.org\/{rel}","templated":true}]}}